- 148*g = 15*g - 161700. What is the highest common factor of g and m?
49
Suppose 6*n - 1624 - 308 = 0. Suppose -n = -4*g + 82. Suppose 4*f - 2*r - 57 = g, f - 35 = 5*r. What is the greatest common divisor of f and 8?
8
Suppose 6*x - 24 = 2*x. Let y(a) = a**3 - 6*a**2 + 5. Let j be y(x). Suppose -j*g - 1 + 86 = 0. What is the greatest common factor of g and 187?
17
Suppose 67*y + 11*y - 624 = 0. Calculate the highest common divisor of y and 2908.
4
Let d be 1/(-5) - 17/((-340)/1664). Let p = d - 38. Calculate the greatest common factor of p and 15.
15
Suppose 37 = -10*v + 187. Suppose v*t = 30*t - 405. Suppose -5*b + 25 = -20. Calculate the greatest common factor of t and b.
9
Let s(l) = -4*l**3 + 54*l**2 - 20*l - 15. Let f be s(8). Calculate the highest common divisor of f and 137.
137
Let n = 32763 - 16467. Calculate the highest common divisor of 126 and n.
42
Let b be 335008/1140 + (-8)/(-60). What is the highest common divisor of 6566 and b?
98
Let h = 20 - 9. Let y be 1/(-1) - 3/((-3)/h). Calculate the greatest common factor of 4 and y.
2
Suppose 5*a + 28*p - 120 = 24*p, 2*a = -4*p + 60. Calculate the highest common factor of 2780 and a.
20
Let j(l) = 257*l - 462. Let s be j(2). What is the highest common divisor of s and 1378?
26
Let q = -867 - -902. What is the highest common divisor of q and 1680?
35
Let j(w) = 16*w**2 + 85*w - 8. Let z be j(-6). What is the highest common divisor of z and 25694?
58
Let n = 85 - 135. Let j = n + 64. Let c = 145 + -47. Calculate the highest common divisor of j and c.
14
Let o be (716/(-4))/(35/(-14)) - (-6)/15. What is the highest common divisor of o and 8?
8
Let z = -770 + 442. Let x = z - -656. Let k = x - 175. Calculate the greatest common factor of 17 and k.
17
Suppose 61*k - 66*k - 3*s = 2, 30 = 5*k - 5*s. What is the highest common divisor of 31 and k?
1
Let g(a) = 25*a - 73. Let l(i) = 16*i - 49. Let f(d) = 5*g(d) - 7*l(d). Let t be f(9). Calculate the highest common factor of 5 and t.
5
Let b(c) = -c**2 + 14*c - 5. Let d be b(10). Suppose w - 37 = d. Let g = w - 53. Calculate the highest common factor of 19 and g.
19
Let n(c) = 244*c + 63. Let q be n(-2). Let p = 545 + q. Calculate the highest common divisor of p and 195.
15
Suppose -274752 = -4792*b + 4739*b. What is the greatest common factor of b and 8?
8
Suppose 0 = -11*c + 14*c + 68 - 482. What is the greatest common divisor of c and 506?
46
Suppose -19*n = -1009 + 933. Let t be (-744)/217*(-14)/n. Suppose 6*y = -2*o + 4*y + 32, 5*o + 3*y - 84 = 0. Calculate the greatest common divisor of o and t.
6
Let v = 23581 - 22860. Calculate the greatest common divisor of v and 21.
7
Let h be (-1 - -3) + 45/(-5)*-3. What is the greatest common factor of h and 32567?
29
Let s = -20 + -476. Let x = s - -619. What is the highest common divisor of x and 287?
41
Suppose -2*c = g - 10, 4*g + c - 33 = -0*g. Let i(l) = l**2 - 19*l - 39. Let b be i(21). Suppose -45 = -b*v + 39. What is the highest common divisor of v and g?
4
Let o(g) = 2*g**2 + 30*g + 79. Let m be o(-3). Let k be (-54*m/14)/(-1). Calculate the greatest common divisor of 171 and k.
9
Suppose 0 = 7*m - 122 - 256. Calculate the highest common factor of 126 and m.
18
Let b(g) = -g**3 + 7*g**2 - 4*g + 8. Let r be b(6). Let u = 30 - r. Let c be 20/((-14)/4*(-14)/196). Calculate the highest common divisor of c and u.
10
Suppose 5*k = -5*w, -11 = -5*k - 2*w - 8. Let r be (-254)/(-4)*k + (-12)/(-8). What is the highest common divisor of r and 91?
13
Let r(o) be the first derivative of 5*o**2/2 - 55*o + 50. Let i be r(20). Suppose 2*s - 4*s = -36. What is the highest common factor of s and i?
9
Suppose -d + 4*o + 8 = -5*d, -25 = 5*o. Suppose 38 + 9 = d*z - 2*a, -a - 16 = -z. Let t be z/(-60) - (-2202)/8. What is the greatest common factor of 25 and t?
25
Let y = 189 - 192. Let c be -24 + 11 - -12 - (-1 + y). Calculate the highest common factor of c and 27.
3
Suppose 6*g = -2*c + 46, -3*g = -10*c + 13*c - 33. What is the greatest common divisor of 3 and g?
3
Let m = -760 + 1057. Let k = m + -169. What is the greatest common divisor of 160 and k?
32
Let r = 1187 + -1142. Calculate the greatest common factor of 3645 and r.
45
Let a(b) = b**3 - 28*b**2 + 56*b + 4. Let t be a(26). Let n = 124 - t. Calculate the greatest common divisor of n and 512.
16
Let q = 2570 - 2451. What is the highest common factor of 731 and q?
17
Suppose 0 = 3*m + 4*j + 48, 4*j = m - 5*m - 68. Let k be (-932)/(-20) + 3 - 8/m. What is the highest common divisor of 325 and k?
25
Suppose 40*m - 411932 = -25*m - 76402. What is the highest common factor of m and 178?
178
Let m(x) = -6*x**3 - 3*x**2 + 8*x. Let y be m(-4). Suppose 0 = -311*s + y*s + 203. What is the greatest common divisor of s and 1015?
29
Let r be 1 + -1 - 196/(-28). Let m be (5 + ((-273)/6)/r)*-30. What is the greatest common factor of 90 and m?
45
Suppose 30 = 5*f - 1040. Let d = -181 + f. What is the highest common factor of 165 and d?
33
Let b(g) = 153*g + 2160. Let q be b(-14). What is the highest common divisor of q and 5442?
6
Let u be 2317032/3060*(-25)/(-3). Calculate the greatest common divisor of u and 5.
5
Let k(z) = 65*z**2 - 806*z - 11. Let x be k(13). Calculate the highest common factor of 341 and x.
31
Let t be (-1 + 358/4)*110/15. Calculate the greatest common factor of 413 and t.
59
Let y be (-4)/54 - 63/(-5103)*4623. Calculate the highest common divisor of 17518 and y.
19
Suppose -38321*x + 38324*x = 5694. What is the highest common divisor of x and 416?
26
Let j(y) = y**2 + 2*y + 20. Let u be j(-10). Let c be (u/30)/((-1)/(-3)). Let k be (-1918)/(-10) - (-2)/c. What is the highest common divisor of k and 48?
48
Let u be -10 - (-11 + 3) - -4 - (-1 - 2). Calculate the highest common factor of 991 and u.
1
Let b(d) be the third derivative of d**5/20 - 7*d**3/3 - 55*d**2. Let f be b(4). Suppose -4*g + 21 = -47. What is the highest common factor of f and g?
17
Let u be (2 - -1*242) + -1. Let k be (3/10*-4)/((-10)/525). Suppose 5*b = u - k. What is the highest common divisor of b and 90?
18
Let w(i) = i**3 - 9*i**2 + 15*i + 23. Let m be w(10). Let z = 252 - 231. Calculate the greatest common factor of z and m.
21
Let a = -95 - -59. Let s = a + 80. Suppose -144*g + 1654 = 70. What is the highest common factor of g and s?
11
Let v(x) = -3*x - 2. Let o = -29 + 23. Let l be v(o). Suppose -3*p = d - 43, -5*d = -0*p + 3*p - 23. What is the greatest common factor of p and l?
16
Suppose -991 = -2*o + r, -3*o + 1504 = -6*r + r. Let j = o + -70. Let u be 532/(-98) - (-46609)/889. Calculate the highest common divisor of j and u.
47
Suppose -3*g - 1 + 13 = 0. Let x(r) = 13*r - 51. Let w be x(-6). Let d = -125 - w. Calculate the greatest common divisor of g and d.
4
Suppose -6*k = -8045 - 6079. Suppose -34*r + k + 9376 = 0. Calculate the highest common divisor of 30 and r.
15
Let t be (-1376)/(-80)*(-5)/(-2). What is the highest common factor of 4042 and t?
43
Suppose -5*j + 5 = -2*b - 47, -j + 5*b + 15 = 0. Let t be 10*(-9*(-2)/48 + (20 - 5496/320)). Calculate the greatest common divisor of j and t.
2
Let a(u) = 3*u**3 + 19*u + 6. Let l be a(7). What is the highest common divisor of l and 219?
73
Suppose -5*p - 4*z + 8 = 0, 4*p - 4*z + 4 = -2*z. Suppose -12*t + 1531 + 509 = p. Calculate the highest common factor of 34 and t.
34
Let t be (-12)/24*-1*6 + 22. Let i = -18 + t. Suppose -r = -i - 21. Calculate the highest common factor of r and 252.
28
Let x(p) = 23*p - 324. Let o be x(49). Calculate the greatest common divisor of 33 and o.
11
Suppose 810 = 39*z - 5*z + 164. Calculate the greatest common factor of 209 and z.
19
Let n = -826 + 1101. Calculate the highest common divisor of n and 50.
25
Suppose t - 79 = -3*h, -t + h = -0*t - 71. Calculate the highest common factor of 365 and t.
73
Suppose 114 = 5*y - 4*x, -5*y + 0*x + 110 = -5*x. Suppose 47*m = 22*m + 650. Calculate the greatest common factor of m and y.
26
Suppose -6*z - 6 = -5*z. Let x be (20/12)/(z/(-18)). Suppose -720 = -11*v + x*v. Calculate the highest common factor of v and 15.
15
Let t(p) = -p**2 - 335*p - 4952. Let c be t(-16). What is the highest common divisor of c and 760?
152
Suppose 61*g - 46*g - 26220 = 0. Calculate the greatest common factor of 138 and g.
46
Let g be (207/(-18))/(2/(-4)).